{"id":442,"date":"2021-04-25T01:05:40","date_gmt":"2021-04-25T01:05:40","guid":{"rendered":"http:\/\/ninzio.com\/gustablo\/?page_id=442"},"modified":"2022-04-25T18:26:52","modified_gmt":"2022-04-25T18:26:52","slug":"magazin-de-vinuri-si-cafea-vinoteca-si-cafenea-in-giurgiu-gama-completa-de-vinuri-si-cafea","status":"publish","type":"page","link":"https:\/\/www.vinsicafealaenescu.ro\/","title":{"rendered":"ACASA"},"content":{"rendered":"<p>[vc_row][vc_column][rev_slider_vc alias=&#8221;slider-1&#8243;][\/vc_column][\/vc_row][vc_row el_class=&#8221;top-contact-form&#8221;][vc_column]<div class=\"wprt-content-box clearfix \" data-padding=\"36px 46px 36px 46px\" data-mobipadding=\"36px 46px 36px 46px\" data-margin=\"-63px 0px 0px 0px\" data-mobimargin=\"-63px 0px 0px 0px\">\r\n\t\t<div class=\"inner-wrap \" style=\"background-color:#d19c5d;\">\r\n\t\t\t<div role=\"form\" class=\"wpcf7\" id=\"wpcf7-f526-o1\" lang=\"en-US\" dir=\"ltr\">\n<div class=\"screen-reader-response\"><p role=\"status\" aria-live=\"polite\" aria-atomic=\"true\"><\/p> <ul><\/ul><\/div>\n<form action=\"\/index.php\/wp-json\/wp\/v2\/pages\/442#wpcf7-f526-o1\" method=\"post\" class=\"wpcf7-form init\" novalidate=\"novalidate\" data-status=\"init\">\n<div style=\"display: none;\">\n<input type=\"hidden\" name=\"_wpcf7\" value=\"526\" \/>\n<input type=\"hidden\" name=\"_wpcf7_version\" value=\"5.4\" \/>\n<input type=\"hidden\" name=\"_wpcf7_locale\" value=\"en_US\" \/>\n<input type=\"hidden\" name=\"_wpcf7_unit_tag\" value=\"wpcf7-f526-o1\" \/>\n<input type=\"hidden\" name=\"_wpcf7_container_post\" value=\"0\" \/>\n<input type=\"hidden\" name=\"_wpcf7_posted_data_hash\" value=\"\" \/>\n<\/div>\n<div class=\"wprt-contact-form-4\">\n<span class=\"wpcf7-form-control-wrap your-name\"><input type=\"text\" name=\"your-name\" value=\"\" size=\"40\" class=\"wpcf7-form-control wpcf7-text wpcf7-validates-as-required\" aria-required=\"true\" aria-invalid=\"false\" placeholder=\"Nume\" \/><\/span><span class=\"wpcf7-form-control-wrap your-email\"><input type=\"email\" name=\"your-email\" value=\"\" size=\"40\" class=\"wpcf7-form-control wpcf7-text wpcf7-email wpcf7-validates-as-required wpcf7-validates-as-email\" aria-required=\"true\" aria-invalid=\"false\" placeholder=\"Email\" \/><\/span><span class=\"wpcf7-form-control-wrap your-message\"><input type=\"text\" name=\"your-message\" value=\"\" size=\"40\" class=\"wpcf7-form-control wpcf7-text wpcf7-validates-as-required\" aria-required=\"true\" aria-invalid=\"false\" placeholder=\"Mesaj\" \/><\/span>\n<div class=\"wrap-submit\"><input type=\"submit\" value=\"TRIMITE\" class=\"wpcf7-form-control wpcf7-submit\" \/><\/div>\n<\/div>\n<p style=\"display: none !important;\" class=\"akismet-fields-container\" data-prefix=\"_wpcf7_ak_\"><label>&#916;<textarea name=\"_wpcf7_ak_hp_textarea\" cols=\"45\" rows=\"8\" maxlength=\"100\"><\/textarea><\/label><input type=\"hidden\" id=\"ak_js_1\" name=\"_wpcf7_ak_js\" value=\"208\"\/><script>document.getElementById( \"ak_js_1\" ).setAttribute( \"value\", ( new Date() ).getTime() );<\/script><\/p><div class=\"wpcf7-response-output\" aria-hidden=\"true\"><\/div><\/form><\/div>\n\r\n\t\t<\/div>\r\n\t<\/div>[\/vc_column][\/vc_row][vc_row full_width=&#8221;stretch_row&#8221;][vc_column]\r\n\t<div class=\"wprt-spacer clearfix\" data-desktop=\"72\" data-mobi=\"60\" data-smobi=\"60\"><\/div><div class=\"wprt-headings clearfix text-center\"  style=\"\"><h2 class=\"heading clearfix\" style=\"\">\r\n\t\tVIN &amp; CAFEA LA ENESCU\r\n\t<\/h2><p class=\"sub-heading clearfix\" style=\"font-style:normal;\">\r\n\t\tLOCUL POTRIVIT INDIFERENT DE OCAZIE\r\n\t<\/p><\/div><div class=\"wprt-divider has-icon\" style=\"width:288px;margin-top:5px;margin-bottom:8px;\">\r\n\t\t\t<div class=\"divider-icon\">\r\n\t\t\t\t<span class=\"divider-icon-before divider-center divider-double\" style=\"border-color:#dddddd;\"><\/span>\r\n\t\t\t\t<span class=\"icon-wrap\" style=\"\"><span class=\"fas fa-coffee \" style=\"font-size:30px;color:#d19c5d;\"><\/span><\/span>\r\n\t\t\t\t<span class=\"divider-icon-after divider-center divider-double\" style=\"border-color:#dddddd;\"><\/span>\r\n\t\t\t<\/div>\r\n\t\t<\/div><div class=\"clearfix\"><\/div><div class=\"wprt-headings clearfix text-center\"  style=\"\"><p class=\"sub-heading clearfix\" style=\"font-style:normal;font-size:17px;line-height:28px;max-width:700px; margin-left: auto; margin-right: auto;\">\r\n\t\tTe asteptam asadar cu drag la cafeneaua noastra, unde te poti bucura de un ambient primitor si de o cafea proaspat prajita si preparata cu pasiune\r\n\t<\/p><\/div>\r\n\t<div class=\"wprt-spacer clearfix\" data-desktop=\"40\" data-mobi=\"30\" data-smobi=\"30\"><\/div>\r\n\t<div class=\"wprt-align-box text-center\"><p>[vc_row_inner][vc_column_inner width=&#8221;1\/3&#8243;]<div class=\"wprt-image-box clearfix \" style=\"\">\r\n        <div class=\"item\">\r\n            <div class=\"inner\" style=\"background-color: #f7f7f7;\">\r\n                <div class=\"thumb\" style=\"\"><img loading=\"lazy\" decoding=\"async\" width=\"600\" height=\"400\" src=\"https:\/\/www.vinsicafealaenescu.ro\/wp-content\/uploads\/2018\/03\/vin-cafea-enescu-giurgiu-articol-events.jpg\" class=\"attachment-wprt-rectangle size-wprt-rectangle\" alt=\"vin si cafea giurgiu\" srcset=\"https:\/\/www.vinsicafealaenescu.ro\/wp-content\/uploads\/2018\/03\/vin-cafea-enescu-giurgiu-articol-events.jpg 600w, https:\/\/www.vinsicafealaenescu.ro\/wp-content\/uploads\/2018\/03\/vin-cafea-enescu-giurgiu-articol-events-300x200.jpg 300w, https:\/\/www.vinsicafealaenescu.ro\/wp-content\/uploads\/2018\/03\/vin-cafea-enescu-giurgiu-articol-events-480x320.jpg 480w\" sizes=\"auto, (max-width: 600px) 100vw, 600px\" \/><\/div>\r\n                <div class=\"text-wrap\" style=\"\">\r\n                    <h3 class=\"title\" style=\"\">\r\n        <a target=\"_self\" href=\"\/index.php\/meniu-vinuri\/\">COLECTIA DE VINURI<\/a>\r\n    <\/h3> <div class=\"clearfix\"><\/div><div class=\"sep\" style=\"width:100%;height:2px;background-color:#dd9933;\"><\/div> <div class=\"desc\" style=\"\">Fie c\u0103 e\u0219ti deja b\u0103utor de vin, fie c\u0103 iti place doar sa degusti, iat\u0103-te aici!<\/div> <div class=\"btn\">\r\n            <a target=\"_self\" class=\"small wprt-button accent\" href=\"\/index.php\/meniu-vinuri\/\" style=\"\">VEZI COLECTIA<\/a>\r\n        <\/div>\r\n                <\/div>\r\n            <\/div>\r\n        <\/div>\r\n    <\/div>\r\n\t<div class=\"wprt-spacer clearfix\" data-desktop=\"50\" data-mobi=\"30\" data-smobi=\"30\"><\/div>[\/vc_column_inner][vc_column_inner width=&#8221;1\/3&#8243;]<div class=\"wprt-image-box clearfix \" style=\"\">\r\n        <div class=\"item\">\r\n            <div class=\"inner\" style=\"background-color: #f7f7f7;\">\r\n                <div class=\"thumb\" style=\"\"><img loading=\"lazy\" decoding=\"async\" width=\"600\" height=\"400\" src=\"https:\/\/www.vinsicafealaenescu.ro\/wp-content\/uploads\/2021\/04\/vin-cafea-enescu-giurgiu-articol-cafea-events.jpg\" class=\"attachment-wprt-rectangle size-wprt-rectangle\" alt=\"Cafeneaua La enescu Giurgiu\" srcset=\"https:\/\/www.vinsicafealaenescu.ro\/wp-content\/uploads\/2021\/04\/vin-cafea-enescu-giurgiu-articol-cafea-events.jpg 600w, https:\/\/www.vinsicafealaenescu.ro\/wp-content\/uploads\/2021\/04\/vin-cafea-enescu-giurgiu-articol-cafea-events-300x200.jpg 300w, https:\/\/www.vinsicafealaenescu.ro\/wp-content\/uploads\/2021\/04\/vin-cafea-enescu-giurgiu-articol-cafea-events-480x320.jpg 480w\" sizes=\"auto, (max-width: 600px) 100vw, 600px\" \/><\/div>\r\n                <div class=\"text-wrap\" style=\"\">\r\n                    <h3 class=\"title\" style=\"\">\r\n        <a target=\"_self\" href=\"\/index.php\/meniu-cafea\/\">VIATA INCEPE CU O CAFEA<\/a>\r\n    <\/h3> <div class=\"clearfix\"><\/div><div class=\"sep\" style=\"width:100%;height:2px;background-color:#dd9933;\"><\/div> <div class=\"desc\" style=\"\">O zi buna incepe cu o cafea si se incheie cu un vin bun!<\/div> <div class=\"btn\">\r\n            <a target=\"_self\" class=\"small wprt-button accent\" href=\"\/index.php\/meniu-cafea\/\" style=\"\">VEZI COLECTIA<\/a>\r\n        <\/div>\r\n                <\/div>\r\n            <\/div>\r\n        <\/div>\r\n    <\/div>[\/vc_column_inner][vc_column_inner width=&#8221;1\/3&#8243;]<div class=\"wprt-image-box clearfix \" style=\"\">\r\n        <div class=\"item\">\r\n            <div class=\"inner\" style=\"background-color: #f7f7f7;\">\r\n                <div class=\"thumb\" style=\"\"><img loading=\"lazy\" decoding=\"async\" width=\"600\" height=\"400\" src=\"https:\/\/www.vinsicafealaenescu.ro\/wp-content\/uploads\/2022\/04\/vin-giurgiu-comenzi.jpg\" class=\"attachment-wprt-rectangle size-wprt-rectangle\" alt=\"VIN GIURGIU\" srcset=\"https:\/\/www.vinsicafealaenescu.ro\/wp-content\/uploads\/2022\/04\/vin-giurgiu-comenzi.jpg 600w, https:\/\/www.vinsicafealaenescu.ro\/wp-content\/uploads\/2022\/04\/vin-giurgiu-comenzi-300x200.jpg 300w, https:\/\/www.vinsicafealaenescu.ro\/wp-content\/uploads\/2022\/04\/vin-giurgiu-comenzi-480x320.jpg 480w\" sizes=\"auto, (max-width: 600px) 100vw, 600px\" \/><\/div>\r\n                <div class=\"text-wrap\" style=\"\">\r\n                    <h3 class=\"title\" style=\"\">\r\n        <a target=\"_self\" href=\"\/index.php\/contact\/\">VIN PENTRU EVENIMENTE SPECIALE<\/a>\r\n    <\/h3> <div class=\"clearfix\"><\/div><div class=\"sep\" style=\"width:100%;height:2px;background-color:#dd9933;\"><\/div> <div class=\"desc\" style=\"\">Primim comenzi pentru evenimente private: nunti, botezuri, petreceri onomastice.<\/div> <div class=\"btn\">\r\n            <a target=\"_self\" class=\"small wprt-button accent\" href=\"\/index.php\/contact\/\" style=\"\">CONTACTEAZA-NE!<\/a>\r\n        <\/div>\r\n                <\/div>\r\n            <\/div>\r\n        <\/div>\r\n    <\/div>[\/vc_column_inner][\/vc_row_inner]<\/p>\n<\/div>[\/vc_column][\/vc_row][vc_row parallax=&#8221;content-moving&#8221; parallax_image=&#8221;188&#8243; fullwidth=&#8221;yes&#8221; full_width=&#8221;stretch_row_content_no_spaces&#8221;][vc_column]<div class=\"wprt-divider divider-center divider-solid\" style=\"\"><\/div><div class=\"clearfix\"><\/div>[\/vc_column][\/vc_row][vc_row parallax=&#8221;content-moving-fade&#8221; parallax_image=&#8221;1382&#8243; fullwidth=&#8221;yes&#8221; full_width=&#8221;stretch_row&#8221; css=&#8221;.vc_custom_1619290680983{border-top-width: 0px !important;background-color: #f5f5f5 !important;}&#8221;][vc_column][vc_row_inner css=&#8221;.vc_custom_1619290749806{background-position: center !important;background-repeat: no-repeat !important;background-size: cover !important;}&#8221;][vc_column_inner width=&#8221;1\/2&#8243;]\r\n\t<div class=\"wprt-spacer clearfix\" data-desktop=\"55\" data-mobi=\"35\" data-smobi=\"35\"><\/div><div class=\"wprt-headings clearfix text-center\"  style=\"\"><h2 class=\"heading clearfix\" style=\"\">\r\n\t\tPOVESTEA NOASTRA\r\n\t<\/h2><\/div><div class=\"wprt-divider has-icon\" style=\"width:288px;margin-top:16px;margin-bottom:22px;\">\r\n\t\t\t<div class=\"divider-icon\">\r\n\t\t\t\t<span class=\"divider-icon-before divider-center divider-double\" style=\"border-color:#dddddd;\"><\/span>\r\n\t\t\t\t<span class=\"icon-wrap\" style=\"\"><span class=\"nz-cocktail1 \" style=\"font-size:30px;color:#dd0808;\"><\/span><\/span>\r\n\t\t\t\t<span class=\"divider-icon-after divider-center divider-double\" style=\"border-color:#dddddd;\"><\/span>\r\n\t\t\t<\/div>\r\n\t\t<\/div><div class=\"clearfix\"><\/div><div class=\"wprt-headings clearfix text-center\"  style=\"\"><p class=\"sub-heading clearfix\" style=\"font-style:normal;font-size:17px;line-height:28px;max-width:560px; margin-left: auto; margin-right: auto;\">\r\n\t\t<b>Povestea noastra incepe ca o calatorie!<\/b><br \/>\nIa cu tine cafeaua cu arome unice, licoarea ce poate sa insemne un inceput de drum. Apoi, esti liber sa alegi doar vinuri premium, atent selectionate de specialisti, la cele mai bune preturi, vinuri recomandate atat pentru pasionati cat si pentru cei mai putin initiati in tainele vinului.<br \/>\n<b>Cafeaua te face mai fericit! <\/b><br \/>\nCea mai savurata b\u0103utur\u0103 \u00een \u00eentreaga lume, cu zahar, cu lapte sau doar neagra, espresso, cappuccino, mocacino, ness frappe, va sunt oferite la Vin si Cafea la Enescu.\r\n\t<\/p><\/div>\r\n\t<div class=\"wprt-spacer clearfix\" data-desktop=\"40\" data-mobi=\"30\" data-smobi=\"30\"><\/div>\r\n\t<div class=\"wprt-align-box text-center\"><div class=\"button-wrap icon-right\" style=\"\"><a href=\"\/index.php\/despre-noi-2\/\" target=\"_self\" class=\"wprt-button  solid accent width-3\" style=\"\">\r\n\t\t<span style=\"\">CITESTE MAI MULT <\/span>\r\n\t<\/a><\/div>\n<\/div>[\/vc_column_inner][vc_column_inner width=&#8221;1\/2&#8243; css=&#8221;.vc_custom_1619290932174{border-top-width: 2px !important;border-right-width: 2px !important;border-bottom-width: 2px !important;border-left-width: 2px !important;border-left-color: #dd9933 !important;border-right-color: #dd9933 !important;border-top-color: #dd9933 !important;border-bottom-color: #dd9933 !important;}&#8221;]\r\n\t<div class=\"wprt-spacer clearfix\" data-desktop=\"30\" data-mobi=\"35\" data-smobi=\"35\"><\/div>[vc_single_image image=&#8221;1407&#8243; alignment=&#8221;center&#8221; onclick=&#8221;custom_link&#8221; link=&#8221;\/index.php\/contact\/&#8221;]\r\n\t<div class=\"wprt-spacer clearfix\" data-desktop=\"30\" data-mobi=\"35\" data-smobi=\"35\"><\/div>[\/vc_column_inner][\/vc_row_inner][\/vc_column][\/vc_row][vc_row][vc_column width=&#8221;1\/2&#8243;]\r\n\t<div class=\"wprt-spacer clearfix\" data-desktop=\"72\" data-mobi=\"60\" data-smobi=\"60\"><\/div><div class=\"wprt-headings clearfix text-center\"  style=\"\"><h2 class=\"heading clearfix\" style=\"\">\r\n\t\tPARTENERII NOSTRI\r\n\t<\/h2><\/div><div class=\"wprt-divider has-icon\" style=\"width:288px;margin-top:5px;margin-bottom:8px;\">\r\n\t\t\t<div class=\"divider-icon\">\r\n\t\t\t\t<span class=\"divider-icon-before divider-center divider-double\" style=\"border-color:#dddddd;\"><\/span>\r\n\t\t\t\t<span class=\"icon-wrap\" style=\"\"><span class=\"entypo-icon entypo-icon-users \" style=\"font-size:30px;color:#dd9933;\"><\/span><\/span>\r\n\t\t\t\t<span class=\"divider-icon-after divider-center divider-double\" style=\"border-color:#dddddd;\"><\/span>\r\n\t\t\t<\/div>\r\n\t\t<\/div><div class=\"clearfix\"><\/div><div class=\"wprt-headings clearfix text-center\"  style=\"\"><p class=\"sub-heading clearfix\" style=\"font-style:normal;font-size:17px;line-height:28px;max-width:700px; margin-left: auto; margin-right: auto;\">\r\n\t\t<b>Vinuri de calitate din cele mai renumite regiuni viticole ale tarii.<\/b><br \/>\nVa invitam sa descoperiti selectiile de vinuri superioare oferite de partenerii nostri si sa ne \u00eensotiti pe drumul presarat cu podgorii si crame din inima Moldovei. Am descoperit Domeniile Bohotin cu vinurile ei albe, proaspete, acidulate care se adreseaza unei noi generatii de consumatori. Busuioca de Bohotin etapeaza prin dulceata trandafirilor, note de cirese albe. Va asteptam sa degustati, intre varietati de soiuri, esenta vinurilor de la Bohotin si sa va cinstiti in orice ocazie. La noi gasiti vinuri rose demiseci, demidulci, rosii seci si demiseci, soiuri de Busuioaca de Bohotin, Feteasca Neagra, Muscat Ottonel sau Tamaioasa Romaneasca.\r\n\t<\/p><\/div>\r\n\t<div class=\"wprt-spacer clearfix\" data-desktop=\"35\" data-mobi=\"35\" data-smobi=\"35\"><\/div>\r\n<div class=\"wprt-partner arrow-center bullet-square offsetcenter offset-v0 has-bullets has-arrows\" data-auto=\"false\" data-loop=\"false\" data-column=\"3\" data-column2=\"3\" data-column3=\"3\" data-gap=\"10\">\r\n\t\r\n\t<div class=\"owl-carousel owl-theme\">\r\n\t            \t<div class=\"partner-item clearfix\">\r\n        \t\t<div class=\"inner\">\r\n\t\t            \t\t            \t<a target=\"_blank\" href=\"https:\/\/domeniilebohotin.ro\/\">\r\n\t    \t\t\t\t<div class=\"thumb\">\r\n\t\t    \t\t\t\t<img loading=\"lazy\" decoding=\"async\" width=\"226\" height=\"223\" src=\"https:\/\/www.vinsicafealaenescu.ro\/wp-content\/uploads\/2022\/04\/crama-bohotin.jpg\" class=\"attachment-full size-full wp-post-image\" alt=\"\" srcset=\"https:\/\/www.vinsicafealaenescu.ro\/wp-content\/uploads\/2022\/04\/crama-bohotin.jpg 226w, https:\/\/www.vinsicafealaenescu.ro\/wp-content\/uploads\/2022\/04\/crama-bohotin-100x100.jpg 100w\" sizes=\"auto, (max-width: 226px) 100vw, 226px\" \/>\t    \t\t\t\t<\/div>\r\n\t    \t\t\t\t<\/a>\r\n\t         \t\t        \t\t<\/div>\r\n            <\/div>\r\n\t\t        \t<div class=\"partner-item clearfix\">\r\n        \t\t<div class=\"inner\">\r\n\t\t            \t\t            \t<a target=\"_blank\" href=\"https:\/\/podgoriasilvania.ro\/\">\r\n\t    \t\t\t\t<div class=\"thumb\">\r\n\t\t    \t\t\t\t<img loading=\"lazy\" decoding=\"async\" width=\"225\" height=\"225\" src=\"https:\/\/www.vinsicafealaenescu.ro\/wp-content\/uploads\/2018\/03\/silvania.png\" class=\"attachment-full size-full wp-post-image\" alt=\"\" srcset=\"https:\/\/www.vinsicafealaenescu.ro\/wp-content\/uploads\/2018\/03\/silvania.png 225w, https:\/\/www.vinsicafealaenescu.ro\/wp-content\/uploads\/2018\/03\/silvania-150x150.png 150w, https:\/\/www.vinsicafealaenescu.ro\/wp-content\/uploads\/2018\/03\/silvania-200x200.png 200w, https:\/\/www.vinsicafealaenescu.ro\/wp-content\/uploads\/2018\/03\/silvania-100x100.png 100w\" sizes=\"auto, (max-width: 225px) 100vw, 225px\" \/>\t    \t\t\t\t<\/div>\r\n\t    \t\t\t\t<\/a>\r\n\t         \t\t        \t\t<\/div>\r\n            <\/div>\r\n\t\t        \t<div class=\"partner-item clearfix\">\r\n        \t\t<div class=\"inner\">\r\n\t\t            \t\t            \t<a target=\"_blank\" href=\"https:\/\/www.viaviticola.ro\/via-viticola-sarica-niculitel\">\r\n\t    \t\t\t\t<div class=\"thumb\">\r\n\t\t    \t\t\t\t<img loading=\"lazy\" decoding=\"async\" width=\"225\" height=\"225\" src=\"https:\/\/www.vinsicafealaenescu.ro\/wp-content\/uploads\/2018\/03\/Via-Viticola-Sarica-Niculitel-71143a017d7b4f14fe8bb3c4ba59d141.png\" class=\"attachment-full size-full wp-post-image\" alt=\"\" srcset=\"https:\/\/www.vinsicafealaenescu.ro\/wp-content\/uploads\/2018\/03\/Via-Viticola-Sarica-Niculitel-71143a017d7b4f14fe8bb3c4ba59d141.png 225w, https:\/\/www.vinsicafealaenescu.ro\/wp-content\/uploads\/2018\/03\/Via-Viticola-Sarica-Niculitel-71143a017d7b4f14fe8bb3c4ba59d141-150x150.png 150w, https:\/\/www.vinsicafealaenescu.ro\/wp-content\/uploads\/2018\/03\/Via-Viticola-Sarica-Niculitel-71143a017d7b4f14fe8bb3c4ba59d141-200x200.png 200w, https:\/\/www.vinsicafealaenescu.ro\/wp-content\/uploads\/2018\/03\/Via-Viticola-Sarica-Niculitel-71143a017d7b4f14fe8bb3c4ba59d141-100x100.png 100w\" sizes=\"auto, (max-width: 225px) 100vw, 225px\" \/>\t    \t\t\t\t<\/div>\r\n\t    \t\t\t\t<\/a>\r\n\t         \t\t        \t\t<\/div>\r\n            <\/div>\r\n\t\t\t<\/div><!-- \/.owl-carousel -->\r\n\r\n<\/div><!-- \/.wprt-partner -->\r\n\r\n\r\n\t<div class=\"wprt-spacer clearfix\" data-desktop=\"50\" data-mobi=\"33\" data-smobi=\"33\"><\/div>[\/vc_column][vc_column width=&#8221;1\/2&#8243; css=&#8221;.vc_custom_1619291033817{background-color: #ddcba8 !important;}&#8221;]\r\n\t<div class=\"wprt-spacer clearfix\" data-desktop=\"72\" data-mobi=\"60\" data-smobi=\"60\"><\/div><div class=\"wprt-headings clearfix text-center\"  style=\"\"><h2 class=\"heading clearfix\" style=\"\">\r\n\t\tNEWSLETTER\r\n\t<\/h2><\/div><div class=\"wprt-divider has-icon\" style=\"width:288px;margin-top:5px;margin-bottom:8px;\">\r\n\t\t\t<div class=\"divider-icon\">\r\n\t\t\t\t<span class=\"divider-icon-before divider-center divider-double\" style=\"border-color:#dd9933;\"><\/span>\r\n\t\t\t\t<span class=\"icon-wrap\" style=\"\"><span class=\"entypo-icon entypo-icon-mail \" style=\"font-size:30px;color:#dd9933;\"><\/span><\/span>\r\n\t\t\t\t<span class=\"divider-icon-after divider-center divider-double\" style=\"border-color:#dd9933;\"><\/span>\r\n\t\t\t<\/div>\r\n\t\t<\/div><div class=\"clearfix\"><\/div>[vc_row_inner][vc_column_inner width=&#8221;1\/2&#8243;][vc_column_text]<\/p>\n<p style=\"text-align: center;\"><strong>VREI O STICLA DE VIN CADOU?<\/strong><\/p>\n<p style=\"text-align: center;\"><strong>Aboneaz\u0103-te la newsletter!<\/strong><br \/>\n*valabil pentru o comand\u0103 de minim 50 lei!<\/p>\n<div class=\"tnp tnp-subscription\">\n<form method=\"post\" action=\"https:\/\/www.vinsicafealaenescu.ro\/?na=s\">\n\n<input type=\"hidden\" name=\"nr\" value=\"page\"><input type=\"hidden\" name=\"nlang\" value=\"\"><div class=\"tnp-field tnp-field-firstname\"><label for=\"tnp-name\">Numele tau<\/label>\n<input class=\"tnp-name\" type=\"text\" name=\"nn\" value=\"\"><\/div>\n<div class=\"tnp-field tnp-field-email\"><label for=\"tnp-email\">Adresa de email<\/label>\n<input class=\"tnp-email\" type=\"email\" name=\"ne\" value=\"\" required><\/div>\n<div class=\"tnp-field tnp-privacy-field\"><label><input type=\"checkbox\" name=\"ny\" required class=\"tnp-privacy\">&nbsp;Prin continuare, accept politicile de confidentialitate<\/label><\/div><div class=\"tnp-field tnp-field-button\"><input class=\"tnp-submit\" type=\"submit\" value=\"MA INSCRIU!\" >\n<\/div>\n<\/form>\n<\/div>\n[\/vc_column_text][\/vc_column_inner][vc_column_inner width=&#8221;1\/2&#8243;][vc_single_image image=&#8221;1420&#8243; img_size=&#8221;large&#8221; alignment=&#8221;center&#8221; style=&#8221;vc_box_rounded&#8221;][\/vc_column_inner][\/vc_row_inner][\/vc_column][\/vc_row]<\/p>\n","protected":false},"excerpt":{"rendered":"<p>[vc_row][vc_column][rev_slider_vc alias=&#8221;slider-1&#8243;][\/vc_column][\/vc_row][vc_row el_class=&#8221;top-contact-form&#8221;][vc_column][\/vc_column][\/vc_row][vc_row full_width=&#8221;stretch_row&#8221;][vc_column][\/vc_column][\/vc_row][vc_row parallax=&#8221;content-moving&#8221; parallax_image=&#8221;188&#8243; fullwidth=&#8221;yes&#8221; full_width=&#8221;stretch_row_content_no_spaces&#8221;][vc_column][\/vc_column][\/vc_row][vc_row parallax=&#8221;content-moving-fade&#8221; parallax_image=&#8221;1382&#8243; fullwidth=&#8221;yes&#8221; full_width=&#8221;stretch_row&#8221; css=&#8221;.vc_custom_1619290680983{border-top-width: 0px !important;background-color: #f5f5f5 !important;}&#8221;][vc_column][vc_row_inner css=&#8221;.vc_custom_1619290749806{background-position: center !important;background-repeat: no-repeat !important;background-size: cover !important;}&#8221;][vc_column_inner width=&#8221;1\/2&#8243;][\/vc_column_inner][vc_column_inner width=&#8221;1\/2&#8243; css=&#8221;.vc_custom_1619290932174{border-top-width: 2px !important;border-right-width: 2px !important;border-bottom-width: 2px !important;border-left-width: 2px !important;border-left-color: #dd9933 !important;border-right-color: #dd9933 !important;border-top-color: #dd9933 !important;border-bottom-color: #dd9933 !important;}&#8221;][vc_single_image image=&#8221;1407&#8243; alignment=&#8221;center&#8221; onclick=&#8221;custom_link&#8221;&hellip;<\/p>\n","protected":false},"author":1,"featured_media":0,"parent":0,"menu_order":0,"comment_status":"closed","ping_status":"closed","template":"","meta":{"footnotes":""},"class_list":["post-442","page","type-page","status-publish","hentry","last"],"_links":{"self":[{"href":"https:\/\/www.vinsicafealaenescu.ro\/index.php\/wp-json\/wp\/v2\/pages\/442","targetHints":{"allow":["GET"]}}],"collection":[{"href":"https:\/\/www.vinsicafealaenescu.ro\/index.php\/wp-json\/wp\/v2\/pages"}],"about":[{"href":"https:\/\/www.vinsicafealaenescu.ro\/index.php\/wp-json\/wp\/v2\/types\/page"}],"author":[{"embeddable":true,"href":"https:\/\/www.vinsicafealaenescu.ro\/index.php\/wp-json\/wp\/v2\/users\/1"}],"replies":[{"embeddable":true,"href":"https:\/\/www.vinsicafealaenescu.ro\/index.php\/wp-json\/wp\/v2\/comments?post=442"}],"version-history":[{"count":109,"href":"https:\/\/www.vinsicafealaenescu.ro\/index.php\/wp-json\/wp\/v2\/pages\/442\/revisions"}],"predecessor-version":[{"id":1610,"href":"https:\/\/www.vinsicafealaenescu.ro\/index.php\/wp-json\/wp\/v2\/pages\/442\/revisions\/1610"}],"wp:attachment":[{"href":"https:\/\/www.vinsicafealaenescu.ro\/index.php\/wp-json\/wp\/v2\/media?parent=442"}],"curies":[{"name":"wp","href":"https:\/\/api.w.org\/{rel}","templated":true}]}}