{"id":1225,"date":"2021-04-19T19:36:13","date_gmt":"2021-04-19T19:36:13","guid":{"rendered":"http:\/\/www.allfin.ro\/cafenea3\/?page_id=1225"},"modified":"2022-04-25T17:21:44","modified_gmt":"2022-04-25T17:21:44","slug":"meniu-vinuri","status":"publish","type":"page","link":"https:\/\/www.vinsicafealaenescu.ro\/index.php\/meniu-vinuri\/","title":{"rendered":"Meniu vinuri"},"content":{"rendered":"<p>[vc_row][vc_column]\r\n\t<div class=\"wprt-spacer clearfix\" data-desktop=\"46\" data-mobi=\"40\" data-smobi=\"40\"><\/div><div class=\"wprt-headings clearfix text-center\" data-font=26 style=\"\"><h2 class=\"heading clearfix\" style=\"font-size:26px;\">\r\n\t\tPODGORIA SILVANIA\r\n\t<\/h2><p class=\"sub-heading clearfix\" style=\"font-style:normal;\">\r\n\t\tCalitatea vinurilor spumante \u201cSilvania\u201d, o reprezint\u0103 metoda tradi\u021bional\u0103 Champenoise prin care acestea sunt ob\u021binute. Spre deosebire de alte vinuri fabricate prin fermentare for\u021bat\u0103, vinurile din hrubele cramei Silvania sunt maturate lent pe durata a trei ani, f\u0103r\u0103 a fi nevoie de adaos de dioxid de carbon.\r\n\t<\/p><\/div><div class=\"wprt-divider has-icon\" style=\"width:288px;margin-top:15px;\">\r\n\t\t\t<div class=\"divider-icon\">\r\n\t\t\t\t<span class=\"divider-icon-before divider-center divider-double\" style=\"border-color:#dddddd;\"><\/span>\r\n\t\t\t\t<span class=\"icon-wrap\" style=\"\"><span class=\"nz-cocktail1 \" style=\"font-size:30px;color:#dd3333;\"><\/span><\/span>\r\n\t\t\t\t<span class=\"divider-icon-after divider-center divider-double\" style=\"border-color:#dddddd;\"><\/span>\r\n\t\t\t<\/div>\r\n\t\t<\/div><div class=\"clearfix\"><\/div>\r\n\t<div class=\"wprt-spacer clearfix\" data-desktop=\"35\" data-mobi=\"35\" data-smobi=\"35\"><\/div>\r\n<div class=\"wprt-food-menu gap20\">\r\n\r\n\t\r\n\t\t<div class=\"foods\">\r\n\t\t    \t\t    \t<div class=\"food-inner\">\r\n\t\t\t\t<div class=\"food-box clearfix\">\r\n\t\t\t\t\t<div class=\"food-wrap clearfix\"><div class=\"food-image\"><img loading=\"lazy\" decoding=\"async\" width=\"200\" height=\"200\" src=\"https:\/\/www.vinsicafealaenescu.ro\/wp-content\/uploads\/2018\/03\/bib-10-300x300-1-200x200.jpg\" class=\"attachment-wprt-square3 size-wprt-square3 wp-post-image\" alt=\"\" srcset=\"https:\/\/www.vinsicafealaenescu.ro\/wp-content\/uploads\/2018\/03\/bib-10-300x300-1-200x200.jpg 200w, https:\/\/www.vinsicafealaenescu.ro\/wp-content\/uploads\/2018\/03\/bib-10-300x300-1-150x150.jpg 150w, https:\/\/www.vinsicafealaenescu.ro\/wp-content\/uploads\/2018\/03\/bib-10-300x300-1-100x100.jpg 100w, https:\/\/www.vinsicafealaenescu.ro\/wp-content\/uploads\/2018\/03\/bib-10-300x300-1.jpg 300w\" sizes=\"auto, (max-width: 200px) 100vw, 200px\" \/><\/div><div class=\"food-detail\"><h5><span class=\"food-title\">CHARDONNAY, demidulce<\/span><span class=\"food-dots\"><\/span><span class=\"food-price\">11 lei\/L<\/span><\/h5><\/div><\/div>\t\t\t\t<\/div><!-- \/.food-box -->\r\n\t\t\t\t<\/div><!-- \/.food-inner -->\r\n\t\t\t\t\t    \t<div class=\"food-inner\">\r\n\t\t\t\t<div class=\"food-box clearfix\">\r\n\t\t\t\t\t<div class=\"food-wrap clearfix\"><div class=\"food-image\"><img loading=\"lazy\" decoding=\"async\" width=\"200\" height=\"200\" src=\"https:\/\/www.vinsicafealaenescu.ro\/wp-content\/uploads\/2018\/03\/bib-10-300x300-1-200x200.jpg\" class=\"attachment-wprt-square3 size-wprt-square3 wp-post-image\" alt=\"\" srcset=\"https:\/\/www.vinsicafealaenescu.ro\/wp-content\/uploads\/2018\/03\/bib-10-300x300-1-200x200.jpg 200w, https:\/\/www.vinsicafealaenescu.ro\/wp-content\/uploads\/2018\/03\/bib-10-300x300-1-150x150.jpg 150w, https:\/\/www.vinsicafealaenescu.ro\/wp-content\/uploads\/2018\/03\/bib-10-300x300-1-100x100.jpg 100w, https:\/\/www.vinsicafealaenescu.ro\/wp-content\/uploads\/2018\/03\/bib-10-300x300-1.jpg 300w\" sizes=\"auto, (max-width: 200px) 100vw, 200px\" \/><\/div><div class=\"food-detail\"><h5><span class=\"food-title\">CHARDONNAY, demisec<\/span><span class=\"food-dots\"><\/span><span class=\"food-price\">11 lei\/L<\/span><\/h5><\/div><\/div>\t\t\t\t<\/div><!-- \/.food-box -->\r\n\t\t\t\t<\/div><!-- \/.food-inner -->\r\n\t\t\t\t\t    \t<div class=\"food-inner\">\r\n\t\t\t\t<div class=\"food-box clearfix\">\r\n\t\t\t\t\t<div class=\"food-wrap clearfix\"><div class=\"food-image\"><img loading=\"lazy\" decoding=\"async\" width=\"200\" height=\"200\" src=\"https:\/\/www.vinsicafealaenescu.ro\/wp-content\/uploads\/2018\/03\/bib-3-ralb-ok-300x300-1-200x200.jpg\" class=\"attachment-wprt-square3 size-wprt-square3 wp-post-image\" alt=\"\" srcset=\"https:\/\/www.vinsicafealaenescu.ro\/wp-content\/uploads\/2018\/03\/bib-3-ralb-ok-300x300-1-200x200.jpg 200w, https:\/\/www.vinsicafealaenescu.ro\/wp-content\/uploads\/2018\/03\/bib-3-ralb-ok-300x300-1-150x150.jpg 150w, https:\/\/www.vinsicafealaenescu.ro\/wp-content\/uploads\/2018\/03\/bib-3-ralb-ok-300x300-1-100x100.jpg 100w, https:\/\/www.vinsicafealaenescu.ro\/wp-content\/uploads\/2018\/03\/bib-3-ralb-ok-300x300-1.jpg 300w\" sizes=\"auto, (max-width: 200px) 100vw, 200px\" \/><\/div><div class=\"food-detail\"><h5><span class=\"food-title\">MUSCAT OTTONEL, demidulce<\/span><span class=\"food-dots\"><\/span><span class=\"food-price\">11 lei\/L<\/span><\/h5><\/div><\/div>\t\t\t\t<\/div><!-- \/.food-box -->\r\n\t\t\t\t<\/div><!-- \/.food-inner -->\r\n\t\t\t\t\t    \t<div class=\"food-inner\">\r\n\t\t\t\t<div class=\"food-box clearfix\">\r\n\t\t\t\t\t<div class=\"food-wrap clearfix\"><div class=\"food-image\"><img loading=\"lazy\" decoding=\"async\" width=\"200\" height=\"200\" src=\"https:\/\/www.vinsicafealaenescu.ro\/wp-content\/uploads\/2018\/03\/bib-10-300x300-1-200x200.jpg\" class=\"attachment-wprt-square3 size-wprt-square3 wp-post-image\" alt=\"\" srcset=\"https:\/\/www.vinsicafealaenescu.ro\/wp-content\/uploads\/2018\/03\/bib-10-300x300-1-200x200.jpg 200w, https:\/\/www.vinsicafealaenescu.ro\/wp-content\/uploads\/2018\/03\/bib-10-300x300-1-150x150.jpg 150w, https:\/\/www.vinsicafealaenescu.ro\/wp-content\/uploads\/2018\/03\/bib-10-300x300-1-100x100.jpg 100w, https:\/\/www.vinsicafealaenescu.ro\/wp-content\/uploads\/2018\/03\/bib-10-300x300-1.jpg 300w\" sizes=\"auto, (max-width: 200px) 100vw, 200px\" \/><\/div><div class=\"food-detail\"><h5><span class=\"food-title\">FETEASCA ALBA, demisec<\/span><span class=\"food-dots\"><\/span><span class=\"food-price\">11 lei\/L<\/span><\/h5><\/div><\/div>\t\t\t\t<\/div><!-- \/.food-box -->\r\n\t\t\t\t<\/div><!-- \/.food-inner -->\r\n\t\t\t\t\t    \t<div class=\"food-inner\">\r\n\t\t\t\t<div class=\"food-box clearfix\">\r\n\t\t\t\t\t<div class=\"food-wrap clearfix\"><div class=\"food-image\"><img loading=\"lazy\" decoding=\"async\" width=\"200\" height=\"200\" src=\"https:\/\/www.vinsicafealaenescu.ro\/wp-content\/uploads\/2018\/03\/bib-3-ralb-ok-300x300-1-200x200.jpg\" class=\"attachment-wprt-square3 size-wprt-square3 wp-post-image\" alt=\"\" srcset=\"https:\/\/www.vinsicafealaenescu.ro\/wp-content\/uploads\/2018\/03\/bib-3-ralb-ok-300x300-1-200x200.jpg 200w, https:\/\/www.vinsicafealaenescu.ro\/wp-content\/uploads\/2018\/03\/bib-3-ralb-ok-300x300-1-150x150.jpg 150w, https:\/\/www.vinsicafealaenescu.ro\/wp-content\/uploads\/2018\/03\/bib-3-ralb-ok-300x300-1-100x100.jpg 100w, https:\/\/www.vinsicafealaenescu.ro\/wp-content\/uploads\/2018\/03\/bib-3-ralb-ok-300x300-1.jpg 300w\" sizes=\"auto, (max-width: 200px) 100vw, 200px\" \/><\/div><div class=\"food-detail\"><h5><span class=\"food-title\">FETEASCA REGALA, demisecsec<\/span><span class=\"food-dots\"><\/span><span class=\"food-price\">11 lei\/L<\/span><\/h5><\/div><\/div>\t\t\t\t<\/div><!-- \/.food-box -->\r\n\t\t\t\t<\/div><!-- \/.food-inner -->\r\n\t\t\t\t\t    \t<div class=\"food-inner\">\r\n\t\t\t\t<div class=\"food-box clearfix\">\r\n\t\t\t\t\t<div class=\"food-wrap clearfix\"><div class=\"food-image\"><img loading=\"lazy\" decoding=\"async\" width=\"200\" height=\"200\" src=\"https:\/\/www.vinsicafealaenescu.ro\/wp-content\/uploads\/2018\/03\/bib-3-ralb-ok-300x300-1-200x200.jpg\" class=\"attachment-wprt-square3 size-wprt-square3 wp-post-image\" alt=\"\" srcset=\"https:\/\/www.vinsicafealaenescu.ro\/wp-content\/uploads\/2018\/03\/bib-3-ralb-ok-300x300-1-200x200.jpg 200w, https:\/\/www.vinsicafealaenescu.ro\/wp-content\/uploads\/2018\/03\/bib-3-ralb-ok-300x300-1-150x150.jpg 150w, https:\/\/www.vinsicafealaenescu.ro\/wp-content\/uploads\/2018\/03\/bib-3-ralb-ok-300x300-1-100x100.jpg 100w, https:\/\/www.vinsicafealaenescu.ro\/wp-content\/uploads\/2018\/03\/bib-3-ralb-ok-300x300-1.jpg 300w\" sizes=\"auto, (max-width: 200px) 100vw, 200px\" \/><\/div><div class=\"food-detail\"><h5><span class=\"food-title\">FETEASCA REGALA, sec<\/span><span class=\"food-dots\"><\/span><span class=\"food-price\">11 lei\/L<\/span><\/h5><\/div><\/div>\t\t\t\t<\/div><!-- \/.food-box -->\r\n\t\t\t\t<\/div><!-- \/.food-inner -->\r\n\t\t\t\t\t    \t<div class=\"food-inner\">\r\n\t\t\t\t<div class=\"food-box clearfix\">\r\n\t\t\t\t\t<div class=\"food-wrap clearfix\"><div class=\"food-image\"><img loading=\"lazy\" decoding=\"async\" width=\"200\" height=\"200\" src=\"https:\/\/www.vinsicafealaenescu.ro\/wp-content\/uploads\/2021\/04\/bib-3-rose-ok-300x300-1-200x200.jpg\" class=\"attachment-wprt-square3 size-wprt-square3 wp-post-image\" alt=\"\" srcset=\"https:\/\/www.vinsicafealaenescu.ro\/wp-content\/uploads\/2021\/04\/bib-3-rose-ok-300x300-1-200x200.jpg 200w, https:\/\/www.vinsicafealaenescu.ro\/wp-content\/uploads\/2021\/04\/bib-3-rose-ok-300x300-1-150x150.jpg 150w, https:\/\/www.vinsicafealaenescu.ro\/wp-content\/uploads\/2021\/04\/bib-3-rose-ok-300x300-1-100x100.jpg 100w, https:\/\/www.vinsicafealaenescu.ro\/wp-content\/uploads\/2021\/04\/bib-3-rose-ok-300x300-1.jpg 300w\" sizes=\"auto, (max-width: 200px) 100vw, 200px\" \/><\/div><div class=\"food-detail\"><h5><span class=\"food-title\">PINOT NOIR ROSE, demisec<\/span><span class=\"food-dots\"><\/span><span class=\"food-price\">11 lei\/L<\/span><\/h5><\/div><\/div>\t\t\t\t<\/div><!-- \/.food-box -->\r\n\t\t\t\t<\/div><!-- \/.food-inner -->\r\n\t\t\t\t\t    \t<div class=\"food-inner\">\r\n\t\t\t\t<div class=\"food-box clearfix\">\r\n\t\t\t\t\t<div class=\"food-wrap clearfix\"><div class=\"food-image\"><img loading=\"lazy\" decoding=\"async\" width=\"200\" height=\"200\" src=\"https:\/\/www.vinsicafealaenescu.ro\/wp-content\/uploads\/2021\/04\/bib-3-rose-ok-300x300-1-200x200.jpg\" class=\"attachment-wprt-square3 size-wprt-square3 wp-post-image\" alt=\"\" srcset=\"https:\/\/www.vinsicafealaenescu.ro\/wp-content\/uploads\/2021\/04\/bib-3-rose-ok-300x300-1-200x200.jpg 200w, https:\/\/www.vinsicafealaenescu.ro\/wp-content\/uploads\/2021\/04\/bib-3-rose-ok-300x300-1-150x150.jpg 150w, https:\/\/www.vinsicafealaenescu.ro\/wp-content\/uploads\/2021\/04\/bib-3-rose-ok-300x300-1-100x100.jpg 100w, https:\/\/www.vinsicafealaenescu.ro\/wp-content\/uploads\/2021\/04\/bib-3-rose-ok-300x300-1.jpg 300w\" sizes=\"auto, (max-width: 200px) 100vw, 200px\" \/><\/div><div class=\"food-detail\"><h5><span class=\"food-title\">PINOT NOIR ROSE, demidulce<\/span><span class=\"food-dots\"><\/span><span class=\"food-price\">11 lei\/L<\/span><\/h5><\/div><\/div>\t\t\t\t<\/div><!-- \/.food-box -->\r\n\t\t\t\t<\/div><!-- \/.food-inner -->\r\n\t\t\t\t\t<\/div><!-- \/#foods -->\r\n\t\r\n\t\r\n<\/div><!-- \/.wprt-food-menu -->\r\n<div class=\"clearfix\"><\/div>\r\n\r\n\t<div class=\"wprt-spacer clearfix\" data-desktop=\"60\" data-mobi=\"60\" data-smobi=\"60\"><\/div><div class=\"wprt-headings clearfix text-center\" data-font=26 style=\"\"><h2 class=\"heading clearfix\" style=\"font-size:26px;\">\r\n\t\tPODGORIA DOMENIILE BOHOTIN\r\n\t<\/h2><p class=\"sub-heading clearfix\" style=\"font-style:normal;\">\r\n\t\tCrama Domeniile Bohotin - situata unde altundeva dec\u00e2t \u00een patria soiului consacrat, Busuioaca de Bohotin. Bohotin reprezint\u0103 unicul loc din \u021bar\u0103 \u00een care soiul Busuioac\u0103 de Bohotin este cultivat, transformat \u0219i \u00eembuteliat \u00een vinul care-i poart\u0103 numele. Cu peste 250 de hectare de vi\u021b\u0103 de vie, Domeniile Bohotin aduce \u00een fa\u021ba ta 6 game alese: POEM, SIMBOL, RESERVE, YOUNG, ZURZUR \u0219i DEALURILE BOHOTINULUI.\r\n\t<\/p><\/div><div class=\"wprt-divider has-icon\" style=\"width:288px;margin-top:15px;\">\r\n\t\t\t<div class=\"divider-icon\">\r\n\t\t\t\t<span class=\"divider-icon-before divider-center divider-double\" style=\"border-color:#dddddd;\"><\/span>\r\n\t\t\t\t<span class=\"icon-wrap\" style=\"\"><span class=\"nz-cocktail1 \" style=\"font-size:30px;color:#dd3333;\"><\/span><\/span>\r\n\t\t\t\t<span class=\"divider-icon-after divider-center divider-double\" style=\"border-color:#dddddd;\"><\/span>\r\n\t\t\t<\/div>\r\n\t\t<\/div><div class=\"clearfix\"><\/div>\r\n\t<div class=\"wprt-spacer clearfix\" data-desktop=\"35\" data-mobi=\"35\" data-smobi=\"35\"><\/div>\r\n<div class=\"wprt-food-menu gap20\">\r\n\r\n\t\r\n\t\t<div class=\"foods\">\r\n\t\t    \t\t    \t<div class=\"food-inner\">\r\n\t\t\t\t<div class=\"food-box clearfix\">\r\n\t\t\t\t\t<div class=\"food-wrap clearfix\"><div class=\"food-image\"><img loading=\"lazy\" decoding=\"async\" width=\"200\" height=\"200\" src=\"https:\/\/www.vinsicafealaenescu.ro\/wp-content\/uploads\/2022\/04\/vin-giurgiu-busuioaca-bohotin-demisec-1.png\" class=\"attachment-wprt-square3 size-wprt-square3 wp-post-image\" alt=\"vin-giurgiu-busuioaca-bohotin-demisec\" srcset=\"https:\/\/www.vinsicafealaenescu.ro\/wp-content\/uploads\/2022\/04\/vin-giurgiu-busuioaca-bohotin-demisec-1.png 200w, https:\/\/www.vinsicafealaenescu.ro\/wp-content\/uploads\/2022\/04\/vin-giurgiu-busuioaca-bohotin-demisec-1-150x150.png 150w, https:\/\/www.vinsicafealaenescu.ro\/wp-content\/uploads\/2022\/04\/vin-giurgiu-busuioaca-bohotin-demisec-1-100x100.png 100w\" sizes=\"auto, (max-width: 200px) 100vw, 200px\" \/><\/div><div class=\"food-detail\"><h5><span class=\"food-title\">BUSUIOACA BOHOTIN, demidulce<\/span><span class=\"food-dots\"><\/span><span class=\"food-price\">13 lei\/L<\/span><\/h5><div class=\"food-desc\">Epateaz\u0103 prin dulcea\u021ba trandafirilor, note de cire\u0219e albe \u0219i fr\u0103gu\u021be. Un vin medaliat cu aur la ICWB 2020<\/div><\/div><\/div>\t\t\t\t<\/div><!-- \/.food-box -->\r\n\t\t\t\t<\/div><!-- \/.food-inner -->\r\n\t\t\t\t\t    \t<div class=\"food-inner\">\r\n\t\t\t\t<div class=\"food-box clearfix\">\r\n\t\t\t\t\t<div class=\"food-wrap clearfix\"><div class=\"food-image\"><img loading=\"lazy\" decoding=\"async\" width=\"200\" height=\"200\" src=\"https:\/\/www.vinsicafealaenescu.ro\/wp-content\/uploads\/2022\/04\/vin-giurgiu-busuioaca-bohotin-demisec-1.png\" class=\"attachment-wprt-square3 size-wprt-square3 wp-post-image\" alt=\"vin-giurgiu-busuioaca-bohotin-demisec\" srcset=\"https:\/\/www.vinsicafealaenescu.ro\/wp-content\/uploads\/2022\/04\/vin-giurgiu-busuioaca-bohotin-demisec-1.png 200w, https:\/\/www.vinsicafealaenescu.ro\/wp-content\/uploads\/2022\/04\/vin-giurgiu-busuioaca-bohotin-demisec-1-150x150.png 150w, https:\/\/www.vinsicafealaenescu.ro\/wp-content\/uploads\/2022\/04\/vin-giurgiu-busuioaca-bohotin-demisec-1-100x100.png 100w\" sizes=\"auto, (max-width: 200px) 100vw, 200px\" \/><\/div><div class=\"food-detail\"><h5><span class=\"food-title\">BUSUIOACA BOHOTIN, demisec<\/span><span class=\"food-dots\"><\/span><span class=\"food-price\">13 lei\/L<\/span><\/h5><div class=\"food-desc\">Busuioaca de Bohotin Zurzur epateaz\u0103 prin dulcea\u021ba trandafirilor, note de cire\u0219e albe \u0219i fr\u0103gu\u021be.<\/div><\/div><\/div>\t\t\t\t<\/div><!-- \/.food-box -->\r\n\t\t\t\t<\/div><!-- \/.food-inner -->\r\n\t\t\t\t\t    \t<div class=\"food-inner\">\r\n\t\t\t\t<div class=\"food-box clearfix\">\r\n\t\t\t\t\t<div class=\"food-wrap clearfix\"><div class=\"food-image\"><img loading=\"lazy\" decoding=\"async\" width=\"200\" height=\"200\" src=\"https:\/\/www.vinsicafealaenescu.ro\/wp-content\/uploads\/2022\/04\/vin-giurgiu-muscat-otonel-demidulce.png\" class=\"attachment-wprt-square3 size-wprt-square3 wp-post-image\" alt=\"vin-giurgiu-muscat-otonel-demidulce\" srcset=\"https:\/\/www.vinsicafealaenescu.ro\/wp-content\/uploads\/2022\/04\/vin-giurgiu-muscat-otonel-demidulce.png 200w, https:\/\/www.vinsicafealaenescu.ro\/wp-content\/uploads\/2022\/04\/vin-giurgiu-muscat-otonel-demidulce-150x150.png 150w, https:\/\/www.vinsicafealaenescu.ro\/wp-content\/uploads\/2022\/04\/vin-giurgiu-muscat-otonel-demidulce-100x100.png 100w\" sizes=\"auto, (max-width: 200px) 100vw, 200px\" \/><\/div><div class=\"food-detail\"><h5><span class=\"food-title\">MUSCAT OTONEL, demidulce<\/span><span class=\"food-dots\"><\/span><span class=\"food-price\">13 lei\/L<\/span><\/h5><div class=\"food-desc\">Vin cald, de culoare galben-auriu, cu luciri intense. Crama Domeniile Bohotin <\/div><\/div><\/div>\t\t\t\t<\/div><!-- \/.food-box -->\r\n\t\t\t\t<\/div><!-- \/.food-inner -->\r\n\t\t\t\t\t    \t<div class=\"food-inner\">\r\n\t\t\t\t<div class=\"food-box clearfix\">\r\n\t\t\t\t\t<div class=\"food-wrap clearfix\"><div class=\"food-image\"><img loading=\"lazy\" decoding=\"async\" width=\"200\" height=\"200\" src=\"https:\/\/www.vinsicafealaenescu.ro\/wp-content\/uploads\/2022\/04\/VIN-GIURGIU-Tamaioasa-romaneasca-demidulce-1.png\" class=\"attachment-wprt-square3 size-wprt-square3 wp-post-image\" alt=\"\" srcset=\"https:\/\/www.vinsicafealaenescu.ro\/wp-content\/uploads\/2022\/04\/VIN-GIURGIU-Tamaioasa-romaneasca-demidulce-1.png 200w, https:\/\/www.vinsicafealaenescu.ro\/wp-content\/uploads\/2022\/04\/VIN-GIURGIU-Tamaioasa-romaneasca-demidulce-1-150x150.png 150w, https:\/\/www.vinsicafealaenescu.ro\/wp-content\/uploads\/2022\/04\/VIN-GIURGIU-Tamaioasa-romaneasca-demidulce-1-100x100.png 100w\" sizes=\"auto, (max-width: 200px) 100vw, 200px\" \/><\/div><div class=\"food-detail\"><h5><span class=\"food-title\">TAMAIOASA ROM., demidulce<\/span><span class=\"food-dots\"><\/span><span class=\"food-price\">13 lei\/L<\/span><\/h5><div class=\"food-desc\">Vin alb demidulce cu denumire de origine controlata Domeniile Bohotin<\/div><\/div><\/div>\t\t\t\t<\/div><!-- \/.food-box -->\r\n\t\t\t\t<\/div><!-- \/.food-inner -->\r\n\t\t\t\t\t    \t<div class=\"food-inner\">\r\n\t\t\t\t<div class=\"food-box clearfix\">\r\n\t\t\t\t\t<div class=\"food-wrap clearfix\"><div class=\"food-image\"><img loading=\"lazy\" decoding=\"async\" width=\"200\" height=\"200\" src=\"https:\/\/www.vinsicafealaenescu.ro\/wp-content\/uploads\/2022\/04\/vin-giurgiu-Feteasca-Neagra-Demisec-1.png\" class=\"attachment-wprt-square3 size-wprt-square3 wp-post-image\" alt=\"\" srcset=\"https:\/\/www.vinsicafealaenescu.ro\/wp-content\/uploads\/2022\/04\/vin-giurgiu-Feteasca-Neagra-Demisec-1.png 200w, https:\/\/www.vinsicafealaenescu.ro\/wp-content\/uploads\/2022\/04\/vin-giurgiu-Feteasca-Neagra-Demisec-1-150x150.png 150w, https:\/\/www.vinsicafealaenescu.ro\/wp-content\/uploads\/2022\/04\/vin-giurgiu-Feteasca-Neagra-Demisec-1-100x100.png 100w\" sizes=\"auto, (max-width: 200px) 100vw, 200px\" \/><\/div><div class=\"food-detail\"><h5><span class=\"food-title\">FETEASCA NEAGRA, demisec<\/span><span class=\"food-dots\"><\/span><span class=\"food-price\">13 lei\/L<\/span><\/h5><div class=\"food-desc\">Soi reprezentativ pentru meleagurile Moldovei, somptuoas\u0103 \u0219i elegant\u0103, cu note de cire\u0219e, vi\u0219ine sau prune.<\/div><\/div><\/div>\t\t\t\t<\/div><!-- \/.food-box -->\r\n\t\t\t\t<\/div><!-- \/.food-inner -->\r\n\t\t\t\t\t<\/div><!-- \/#foods -->\r\n\t\r\n\t\r\n<\/div><!-- \/.wprt-food-menu -->\r\n<div class=\"clearfix\"><\/div>\r\n\r\n\t<div class=\"wprt-spacer clearfix\" data-desktop=\"60\" data-mobi=\"60\" data-smobi=\"60\"><\/div>[\/vc_column][\/vc_row]<\/p>\n","protected":false},"excerpt":{"rendered":"<p>[vc_row][vc_column][\/vc_column][\/vc_row]<\/p>\n","protected":false},"author":1,"featured_media":0,"parent":0,"menu_order":0,"comment_status":"closed","ping_status":"closed","template":"","meta":{"footnotes":""},"class_list":["post-1225","page","type-page","status-publish","hentry","last"],"_links":{"self":[{"href":"https:\/\/www.vinsicafealaenescu.ro\/index.php\/wp-json\/wp\/v2\/pages\/1225","targetHints":{"allow":["GET"]}}],"collection":[{"href":"https:\/\/www.vinsicafealaenescu.ro\/index.php\/wp-json\/wp\/v2\/pages"}],"about":[{"href":"https:\/\/www.vinsicafealaenescu.ro\/index.php\/wp-json\/wp\/v2\/types\/page"}],"author":[{"embeddable":true,"href":"https:\/\/www.vinsicafealaenescu.ro\/index.php\/wp-json\/wp\/v2\/users\/1"}],"replies":[{"embeddable":true,"href":"https:\/\/www.vinsicafealaenescu.ro\/index.php\/wp-json\/wp\/v2\/comments?post=1225"}],"version-history":[{"count":6,"href":"https:\/\/www.vinsicafealaenescu.ro\/index.php\/wp-json\/wp\/v2\/pages\/1225\/revisions"}],"predecessor-version":[{"id":1591,"href":"https:\/\/www.vinsicafealaenescu.ro\/index.php\/wp-json\/wp\/v2\/pages\/1225\/revisions\/1591"}],"wp:attachment":[{"href":"https:\/\/www.vinsicafealaenescu.ro\/index.php\/wp-json\/wp\/v2\/media?parent=1225"}],"curies":[{"name":"wp","href":"https:\/\/api.w.org\/{rel}","templated":true}]}}